emainder when 187 is divided by ((-15)/6 - -2)/((-23)/1840).
27
Suppose n + 5*j + 559 = 5*n, 0 = 2*n - 3*j - 281. Calculate the remainder when n is divided by 24.
16
Suppose 0 = -12*n + 13*n - 111. Calculate the remainder when n is divided by 14.
13
Let h = -54 + 112. What is the remainder when 173 is divided by h?
57
Let o(g) = -26*g - 95. What is the remainder when o(-12) is divided by 55?
52
Let h be (-46)/6*(0 - 21). Let j be (-5 - -3) + (2 + -3 - 99). Let c = h + j. What is the remainder when c is divided by 30?
29
Let n be 1071/36 - (-1)/4. What is the remainder when 45 is divided by n/2 - (-1 + 10 + -6)?
9
Suppose 5*y - x = 260, -y + 12*x = 10*x - 43. Calculate the remainder when y is divided by 5.
3
Suppose 2*g = -3*g - 20. Let q(x) = -x**3 - 5*x**2 - 5*x + 3. Let y be q(g). Suppose -3*z - 200 = -y*z. Calculate the remainder when z is divided by 13.
11
Let t = 13 - 14. Calculate the remainder when (-12)/(-1) + (-4)/4 + t is divided by 4.
2
Let l = -798 + 958. What is the remainder when l is divided by 18?
16
Calculate the remainder when 128 is divided by 5*2 + -5 + 8 + 0.
11
Let t = 7334 - 7330. Suppose -3*i + 15 = -27. Calculate the remainder when i is divided by t.
2
Suppose 0 = 4*m + 1 - 1. Suppose -2*c + 29 - 5 = m. Calculate the remainder when ((-23)/(-4))/((-2)/(-16)) is divided by c.
10
Let n(r) = 2*r**2 - 11*r - 34. Calculate the remainder when n(-6) is divided by 27.
23
Let f be 147/14 - 2/4. Suppose 3*y - 43 + f = 0. What is the remainder when 23 - (3 + -5 + 3)*3 is divided by y?
9
Suppose -a + 249 = 5*j, -3*j = 2*a + 2*a - 163. Suppose -44*h + j*h = 250. Calculate the remainder when h is divided by 13.
11
Let d be ((-2)/6)/(8/(-120)). Suppose -12 = -d*n + 8. Suppose 4*q + 2*o = 6 + 44, 0 = -q + n*o - 10. Calculate the remainder when 38 is divided by q.
8
Let f = -55 - -581. What is the remainder when f is divided by 53?
49
Suppose 4*n - 213 = -4*q + n, 5*q - n - 252 = 0. Suppose -21 = l + 15. Let t = q + l. Calculate the remainder when 58 is divided by t.
13
Let i(w) = 7*w**3 + 6*w - 1. Let p be i(3). Suppose 5*q - 204 = p. What is the remainder when q is divided by 14?
12
Let x be -2*(-3)/(-10) + (-316)/(-10). Let v = x + -29. What is the remainder when v is divided by 1?
0
Let b(t) = 3*t**2 + 21*t - 4. Suppose 2*d = -10, 151 + 52 = 2*k - d. Calculate the remainder when k is divided by b(-8).
19
Let r(v) = -5*v - 4. Let x(y) = 3*y**2 + 2*y - 3. Let a be x(3). Suppose -c + 6*c = -a. Calculate the remainder when r(c) is divided by 7.
5
Suppose -3*x + 14 = 2*x - k, 5*k = -20. Let j(z) = z**3 - z**2. Let a be j(x). Suppose -50 = 2*o - a*o. What is the remainder when 73 is divided by o?
23
Suppose o - 2*m = -m + 4, 4*o = m + 16. What is the remainder when 21 is divided by o?
1
Let m(p) = -p**3 + p**2 + 12*p - 4. Let y(g) = -g + 1. Let x(k) = m(k) + 3*y(k). Calculate the remainder when 70 is divided by x(3).
6
Suppose 0 = -5*v - 9*v + 210. Suppose 0*i + 3*i = 0. Suppose i = -t - r + 44, t + 160 = 5*t - 4*r. Calculate the remainder when t is divided by v.
12
Let y = 177 - 104. Calculate the remainder when y is divided by (-171)/12*(24/(-9) + 0).
35
Suppose -2 = 9*m - 29. Suppose 2*r = s - 17, -m*s + 0*r = -r - 36. Let g = 9 + -2. What is the remainder when s is divided by g?
4
Suppose 4*v - 240 = -0*v. Let h = -20 + 176. Suppose 0 = 7*p + 44 - h. What is the remainder when v is divided by p?
12
Suppose 752 = 22*t - 1492. Suppose 5*m - 102 = 38. What is the remainder when t is divided by m?
18
Suppose -3*v - 12 = 0, 0 = -3*f - 3*v - 3 + 81. Calculate the remainder when 125 is divided by f.
5
Let x be 2/2*(-6 + 2). Let u(i) = 3*i - 21. Let w(y) = 2*y - 19. Let v(a) = 3*u(a) - 4*w(a). What is the remainder when v(x) is divided by 4?
1
Suppose 14*j = q + 9*j - 432, -3*q + 2*j + 1283 = 0. Calculate the remainder when q is divided by 109.
100
Let k(t) = -t**3 + 14*t**2 - 20*t + 48. What is the remainder when k(12) is divided by 20?
16
Suppose 4*z - 29 = -u + z, -2*z + 2 = 0. Suppose -p + 3*p - 90 = 0. Suppose 2*m - 4*y - 39 = p, 112 = 2*m + 3*y. What is the remainder when m is divided by u?
24
Let z(i) = 2*i**2 + 17*i + 31. What is the remainder when 79 is divided by z(-7)?
9
Suppose f - 456 = 7*f. Let v = -64 - f. What is the remainder when 19 is divided by v?
7
Calculate the remainder when 5 + -1 - 28*53/(-4) is divided by 47.
46
Let b be -1*(-3 + (4 - 2)). What is the remainder when 24 is divided by b/(4*(4/1)/208)?
11
Suppose 0 = -6*b + 60 + 420. Calculate the remainder when b is divided by 25.
5
Let m(l) = -l**3 - 14*l**2 - 2*l + 3. What is the remainder when 557 is divided by m(-14)?
30
Suppose x + 8 = q, -2*x - 11 = -2*q - x. Suppose 2*m - 6*c = -q*c + 84, 2*m + 4*c = 98. What is the remainder when m is divided by 12?
9
Suppose 12*y - 11*y = -10. Let l = 3 - y. Calculate the remainder when 33 is divided by l.
7
Let f = 24 - 31. Calculate the remainder when 9 is divided by (f/14)/((-2)/24).
3
Let f = 271 + -203. Calculate the remainder when f is divided by 12.
8
Suppose 4*p + 4*v - 64 = 0, 0 = v + 1 + 2. Calculate the remainder when p is divided by (6/(-4) - 0)*(-672)/63.
3
Let k = -84 - -112. What is the remainder when 271 is divided by k?
19
Suppose -5*o + 0*o = -b - 39, 4*b - 4 = 0. What is the remainder when (-145)/(20/(-4)) + -8 is divided by o?
5
Suppose -m + 2*y = -3, -2*y - 8 = 4*m - 0. Calculate the remainder when (0 - 4)/m - (0 - 11) is divided by 12.
3
Suppose 6*i = 2*m + 3*i - 51, 2*m = -3*i + 33. What is the remainder when 229 is divided by m?
19
Suppose 0 = -7*j + 30 + 5. Suppose -y = -o - 37, -j*o = 3*y - 0*o - 79. What is the remainder when 164 is divided by y?
32
Suppose 3*q + 17 = -43. Let n = 1 - 3. What is the remainder when 21 is divided by (-9)/n*q/(-15)?
3
Suppose 0*w - w - 3*o - 2 = 0, 3*o = 2*w - 23. Let f(s) = -s - 1. Calculate the remainder when w is divided by f(-6).
2
Suppose 3*n - 2*n - 4 = 0. Suppose -2*o + 206 = n*r - o, 0 = o - 2. Suppose 30 = 2*x - 3*k, r = 2*x + x - 3*k. What is the remainder when 104 is divided by x?
20
Suppose -2*w + h + 75 = -0*w, 2*h + 74 = 2*w. What is the remainder when w is divided by (-279)/(-21) + (-8)/28?
12
What is the remainder when 308 - ((-2)/(-4)*-6 + 6) is divided by 51?
50
Suppose -3*u + 104 - 17 = q, -435 = -5*q + 3*u. Calculate the remainder when q is divided by (1 + -17)*-1 - 1.
12
Suppose 94 + 725 = 7*k. Calculate the remainder when k is divided by 10.
7
Suppose 0 = 5*t - 5*m - 265, -2*m - 210 = -3*t - 54. What is the remainder when 488 is divided by t?
38
Let i(q) = -q**3 - 3*q**2 + 25*q - 15. Let c be 0 - -3 - 2*-1. Suppose -122 = -c*r - 7. What is the remainder when r is divided by i(-7)?
5
Suppose 4*y - 14 = -v - 4*v, 3*v - 1 = 5*y. Let x(q) = 4*q**2 + 60 - 61 + 48*q**2. Calculate the remainder when x(y) is divided by 13.
12
Let y(x) = 4*x**2 - 6*x + 3. Let l = -115 - -286. Calculate the remainder when l is divided by y(4).
42
Suppose -z + 1 + 3 = 2*x, -4*z = -16. Let h be 5*((-3)/(-15) + x). Calculate the remainder when (-47)/((2 - 3)/h) is divided by 16.
15
Suppose -2*o - h = -6*h - 167, -5*h = 2*o - 137. Calculate the remainder when 302 is divided by o.
74
Suppose -128 = -9*p + 2032. Calculate the remainder when p is divided by 35.
30
Let r = 59 - 54. Suppose 4*x = m + 52, 6*m = -2*x + m + 48. What is the remainder when x is divided by r?
4
Let l = 10 - 2. Let m(r) = 13*r**2 + 3*r - 7. What is the remainder when m(-2) is divided by l?
7
Let a(c) = -5*c**3 - 2*c**2 - 6*c - 8. Suppose 5*s - 1112 = -37. What is the remainder when s is divided by a(-2)?
35
What is the remainder when 111 is divided by 4/10 + 13/(65/158)?
15
Let m(u) = -19*u + 54. What is the remainder when m(-33) is divided by 19?
16
Let m = -143 + 262. Let s = m + -65. What is the remainder when 268 is divided by s?
52
Calculate the remainder when 173*(-1)/2*(-39 - -37) is divided by 25.
23
What is the remainder when 2*111*2/4 + -3 is divided by 25?
8
Let z(q) = -q**2 + 25. Suppose 0*t = -t. Let k be z(t). Let r = k - 16. What is the remainder when 26 is divided by r?
8
What is the remainder when 34 is divided by (18/(-9))/(2*4/(-36))?
7
Let f(t) = -t + 10. Let z be f(7). Suppose -z*p = -6*p + 324. What is the remainder when p is divided by 22?
20
Suppose v - 10 = -0*v. Let i be ((-24